(-8)/(-2) is divided by 141.
5
Suppose -3*n - 2*g = -152, 412 - 142 = 5*n - 5*g. Let q = -8 + 168. Calculate the remainder when q is divided by n.
4
Let x = 5886 + -5607. Calculate the remainder when x is divided by 7.
6
Suppose 10*u = z + 5*u - 35, 0 = -4*z - 3*u + 71. What is the remainder when 5116 is divided by z?
16
Suppose 3*y - 2*h = 2*y - 38, -4*h = -4*y - 160. Let p = -14 - y. Let d = -33940 + 33955. What is the remainder when p is divided by d?
13
Let r be (4 - (-8230)/25) + 8/10. Suppose 126 = 10*q - r. What is the remainder when q is divided by (16/56 + 358/(-28))*-2?
21
Suppose 12*p - 7838 = -7370. What is the remainder when 909 is divided by p?
12
Let z = 27 - 15. Calculate the remainder when 8/z*(-2061)/(-6) is divided by 33.
31
Let b = 51 + -41. Let u = -33 - b. Let q = 60 + u. Calculate the remainder when q is divided by 5.
2
Let x be (12275/((-15)/3)*1)/(-1). Suppose 32*p + x = 11927. Calculate the remainder when p is divided by 50.
46
Let q(p) = -p**2 + 22*p - 17. Let u(k) = 2*k**2 - 13*k + 21. Let b be u(6). Let l be q(b). Let i = 93 - l. What is the remainder when 8 is divided by i?
3
Calculate the remainder when 5239/62 + (-3)/(-12)*-2 is divided by 79.
5
Suppose -119*h + 21646 = 18*h. What is the remainder when h is divided by 53?
52
Suppose -5*j + 8283 = -t, 4*j - 4*t - 8100 = -1480. What is the remainder when j is divided by 102?
25
Let l = 49 - -9. Let z = -540 + 607. Let p = z - l. Calculate the remainder when 17 is divided by p.
8
Suppose -10*i = 11*i - 36*i + 405. What is the remainder when 9124 is divided by i?
25
Suppose 31671 = 315*n - 19674. Calculate the remainder when 7658 is divided by n.
160
Suppose -4*u + 868 = 4*w, -1089 = -38*w + 33*w - 4*u. What is the remainder when 371 is divided by w?
150
Let t = -10537 - -10551. Suppose 4*m - 204 = -0*m. Calculate the remainder when m is divided by t.
9
Let d(x) = 86*x**3 + x - 1. Let v be (35/(-14) + 4)*(-4)/(-6). Calculate the remainder when d(v) is divided by 40.
6
Calculate the remainder when 601 is divided by (-100)/(((-4)/(-6))/((-20)/15)).
1
Suppose 32*f = 11*f + 2436. What is the remainder when 212 is divided by f?
96
Let y = 10 + 16. Suppose -y = -d + r + 3*r, 4*d - 4*r = 116. Calculate the remainder when d is divided by (8/24)/(15/765).
13
Let j(z) = -5*z + 45. Let r be j(9). Suppose r = -27*t + 21*t + 198. Calculate the remainder when 33 is divided by t.
0
Suppose -3*r + 4*y = -615, -58*r + 55*r + 612 = -3*y. Let h(l) = 5*l**2 + 25*l + 11. Calculate the remainder when r is divided by h(-6).
37
Let l = 671 - 814. Let w = -103 - l. What is the remainder when 238 is divided by w?
38
Let u = -5 - -19. Suppose -121 = -5*d - 4*w, 2*d + 0*w - 22 = 5*w. Let a = d - u. What is the remainder when 27 is divided by a?
6
Let v = -3 + -5. Let h be ((-18)/v + 5 + -8)*-4. Suppose h*o = -o + 180. What is the remainder when o is divided by 12?
9
Let q be 6/(2 + (6 - (-13)/(-2))). Suppose 0 = -q*d - i + 67 - 19, -4*i + 60 = 4*d. Calculate the remainder when 282 is divided by d.
7
Suppose 5*d - 552 = d. Let z = 198 - d. Suppose 41 = 3*t + 14. What is the remainder when z is divided by t?
6
Let h(k) = 2*k**2 - 148*k - 1672. What is the remainder when 984 is divided by h(-11)?
192
Let u(k) = -6*k**2 + 188*k - 10. Calculate the remainder when 477 is divided by u(31).
9
Suppose -546*d + 549*d = 144. Calculate the remainder when 333 is divided by d.
45
Suppose 0 = -3*t - 5*v - 4 - 2, 5*v = -5*t - 10. Let p be (0 - t) + 10 + -13. Let m = 11 - p. What is the remainder when 21 is divided by m?
9
Suppose -6 = -3*l, -671 = 4*p + 4*l - 947. What is the remainder when 930 is divided by p?
59
Let v = -54 - -52. Let c be (-4)/((93/46 + v)/(-1)). Suppose 0 = 8*q - 424 - c. What is the remainder when q is divided by 13?
11
Let u be 15/((-46)/24 + (-4)/(-2)). Suppose -33*n + 21*n + u = 0. What is the remainder when n is divided by 5?
0
Let v be -18*(-3)/30 - 21/(-105). What is the remainder when 6/(5 - 2) + v + 442 is divided by 9?
5
Let w be (-3)/(3/23)*-1. Suppose 3*v - a - 83 = 4*a, -v - 3*a + w = 0. What is the remainder when v is divided by (-4)/30 + (-1520)/(-150)?
6
Let p(k) = 7*k**2 + 27*k + 150. Let a(j) = -6*j**2 - 27*j - 153. Let r(v) = -6*a(v) - 5*p(v). What is the remainder when 39 is divided by r(-19)?
7
Let b = 539 + -964. Let u = -95 - b. What is the remainder when u is divided by 37?
34
Calculate the remainder when -2*3/3 + 623*19/133 is divided by 13.
9
Suppose u - 2*u + 24 = 0. Suppose -8*t + u = -16. What is the remainder when 4/7 + 3304/49 is divided by t?
3
Suppose 0 = z - 1 - 0, 0 = -5*l - 5*z + 20. Let x(p) = -2*p + 8. Let c be x(l). Calculate the remainder when ((-3)/9)/(c/(-210)) is divided by 9.
8
Let g = -2256 - -2269. Calculate the remainder when 45 is divided by g.
6
Let t = -1527 - -2204. Suppose -5*w + 902 - t = 0. Calculate the remainder when 175 is divided by w.
40
Let f(r) = -r**2 + 23*r + 2. Let z be f(18). Let u = z + -36. What is the remainder when u is divided by 34?
22
Let h(n) = -n**3 + 5*n**2 - 3*n - 1. Let u be h(4). Let f(v) = -u*v - 12 - 9 - 5 + 8. What is the remainder when 21 is divided by f(-9)?
3
Suppose -3*k + 88 = -5*p, -32 = -14*k + 13*k + p. Calculate the remainder when 169 is divided by k.
25
Suppose -92 = -5*w + 313. Suppose 1 = -3*x + 2*b + w, 0 = x - 4*b - 40. Calculate the remainder when (0 + -4)/(6/(-129)) is divided by x.
14
Suppose -668 = 4*p - 164. Let d = 5231 - 5372. Let j = p - d. What is the remainder when 28 is divided by j?
13
Let f = 41355 - 20275. What is the remainder when f is divided by 254?
252
Suppose 0 = -2*l + 3*z + 2078, -5*l + 122*z + 5143 = 121*z. Calculate the remainder when l is divided by 148.
139
Suppose 4 = 2*z - 5*p + 4*p, 0 = z + 4*p - 20. Suppose 0 = -500*j + 542*j - 294. Suppose z*d + j = 5*d. Calculate the remainder when 9 is divided by d.
2
Let c = 63 + -22. Let l(q) = -6*q + 279. Calculate the remainder when 91 is divided by l(c).
25
Let n(o) = -248*o + 2589. Calculate the remainder when 284 is divided by n(10).
66
Let v = 17 - -10. Let w = -115323 - -115367. What is the remainder when w is divided by v?
17
Let x(b) = 3*b + 86. Calculate the remainder when 4997 is divided by x(4).
97
Suppose 0 = -229*l + 232*l - 258. What is the remainder when 43/l - 5/(-4)*6 is divided by 4?
0
Let r(b) = 4*b**2 + 6*b - 2. Let t be 5*(-5)/(-10)*24/(-10). Let a be r(t). Let i = a + -81. Calculate the remainder when i is divided by 11.
3
Let f(i) = -2*i**3 + 170*i**2 + 2*i - 107. What is the remainder when 221 is divided by f(85)?
32
Let y(f) = -f**3 - 36*f**2 - 42*f - 191. Calculate the remainder when 2265 is divided by y(-35).
51
Let r(b) = -b + 2*b - 39 + 4. Let q be r(-7). Let l = 52 + q. Calculate the remainder when l is divided by 5.
0
Suppose 2*k - 31 = -1. Let o be (20/12)/(5/k). Suppose -508 = -o*m + 57. What is the remainder when m is divided by 38?
37
Let z(r) = r**2 + 2*r - 3. Let b be z(-4). Suppose -o = b*x - 258, -4*o + 7 = -5. What is the remainder when x is divided by 15?
6
Suppose -821 - 323 = -4*c. Let n = -685 - -757. What is the remainder when c is divided by n?
70
Let j(x) = -2*x**3 - 15*x**2 - 5*x - 93. What is the remainder when 2636 is divided by j(-8)?
7
Let u be (-6 - (-36)/(-15))/(3/(-10)). What is the remainder when 56 is divided by (-36)/(-2) - 0/(u/7)?
2
Suppose 3*k - 2*m = 11, 3*k - 1 = -3*m + 5. Suppose -k*t + 190 = 43. Suppose 0*y - 34 = 4*y - 2*q - 86, 3*q = 0. What is the remainder when t is divided by y?
10
Let g(q) be the first derivative of q**3/3 + q**2 + q + 2. Let k(c) = 3515*c - 17502. What is the remainder when k(5) is divided by g(4)?
23
Suppose -23 = -5*h - 2*c - c, -5*h - 4*c + 19 = 0. Let v(q) = 11*q. Calculate the remainder when (h + -5)*325/10 is divided by v(2).
21
Let y(m) = 2*m**3 - 15*m**2 - 19*m + 5. What is the remainder when 300 is divided by y(9)?
69
Calculate the remainder when 1 + 1*(-6)/15 - (-3241968)/120 is divided by 20.
17
Let m(x) = 3*x**2 - 2*x - 11. Suppose -2*i - 2 = 5*g - 1, 2*g = -i - 2. Let s be m(i). Let p = 292 - s. What is the remainder when p is divided by 14?
11
Let q = -3631 - -4082. What is the remainder when q is divided by 221?
9
Let w(z) = 2*z**3 + 2*z**2 + 10*z + 17. Let a be w(-2). Let s = 14 + a. What is the remainder when 3 is div